ded by 10?
7
Let k = -56 - -61. What is the remainder when 33 is divided by k?
3
Suppose 6*w - 2*w - 34 = -h, 0 = -3*w + 12. Let a = 239 + -150. Let q = a - 36. Calculate the remainder when q is divided by h.
17
Suppose 2*p - h = 3*h - 14, 9 = -5*p - 3*h. Let q(l) = l**3 + 4*l**2 - l - 4. Calculate the remainder when 22 is divided by q(p).
6
Let b = 63 + -43. Calculate the remainder when b is divided by 15.
5
Let u(q) = -q - 2. Let x be u(-16). Let a = x + 8. Calculate the remainder when a is divided by 6.
4
Let p(l) = l**2 - 5*l - 9. What is the remainder when 160 is divided by p(9)?
25
Suppose 15 = -d + 127. What is the remainder when d is divided by 19?
17
Let a = 18 + 9. What is the remainder when a is divided by 7?
6
Suppose 3*y - 24 = -3*y. Let q = 23 - 8. What is the remainder when q is divided by y?
3
Calculate the remainder when 45 is divided by 2/(-3 - 75/(-24)).
13
Let f be 3/5 + 558/45. Let s = f + -5. Calculate the remainder when 14 is divided by s.
6
Let s(x) = -x - 8. Let g be s(0). Let p be (18/g)/((-2)/(-8)). What is the remainder when ((-34)/(-6))/((-3)/p) is divided by 9?
8
Let m(y) be the third derivative of 3*y**6/40 + y**5/30 - y**4/24 - 5*y**2. Calculate the remainder when 27 is divided by m(1).
7
Let o = -43 + 22. Let u = 49 + o. What is the remainder when u is divided by 10?
8
Let n = 5 - 3. Let f be 13/3 + n/3. Suppose -f*u + 4*k + 96 = -u, -5*u - 2*k + 106 = 0. Calculate the remainder when u is divided by 12.
10
Let k = -22 + 31. Calculate the remainder when (68/(-6))/((-1)/3) is divided by k.
7
Suppose 0*p = 3*p + 9, -17 = 4*k + 3*p. Let j(n) = -n - 2. Let i be j(k). Suppose -5*w = -i*w - 245. What is the remainder when w is divided by 13?
10
Suppose -4*f - 3*w + 32 = -7, 32 = 2*f + 4*w. Calculate the remainder when 21 is divided by f.
3
Calculate the remainder when (-3)/(-9) + (-41)/(-3) is divided by 5.
4
Let s(v) = -v**3 + 16*v**2 - 14*v - 5. What is the remainder when s(15) is divided by 4?
2
Let h(r) = 2*r**2 + r. Let x be h(-1). Suppose -2*n - 12 = 4*f, f + x = -4. What is the remainder when 10 is divided by n?
2
Let l(c) = -2*c - c**2 - c**3 - 1 + 4*c + 2*c**3. Let m be l(4). Let k = m - 20. What is the remainder when k is divided by 9?
8
Suppose 32*o = 30*o + 36. Suppose -4*n = 2*r - 10, -5*n + 16 = 3*r - 0*r. What is the remainder when o is divided by r?
4
Suppose 3*u - 6 - 36 = 0. What is the remainder when 26 is divided by u?
12
Let h(y) = y - 10. Let g = 7 - -3. Let o be h(g). Calculate the remainder when 20 is divided by o + (11 - (-1 - -1)).
9
Let r = 76 + 50. Suppose -x + r = q, x + q = 3*q + 117. Calculate the remainder when x is divided by 31.
30
Let w(h) = h**3 + 7*h**2 + 5*h + 9. Let c be w(-6). Let i = c + -3. Calculate the remainder when 21 is divided by i.
9
Suppose -78 = -6*q + 4*q. What is the remainder when 153 is divided by q?
36
Suppose 468 = 23*r - 19*r. What is the remainder when r is divided by 20?
17
Suppose h - 3 = 0, 0 = 5*x + 2*h - 5*h - 146. Suppose 4*l = -o + 11, o + 4*o + l = 55. What is the remainder when x is divided by o?
9
Suppose 2*s = n - 28, 0*n = n + 4*s - 40. Let x = 22 - 15. Calculate the remainder when n is divided by x.
4
Let v be ((-166)/2 - -2)/(-1). Suppose -4*c + 3*c = -2*d + v, 3*d - c = 119. Calculate the remainder when d is divided by 13.
12
Let g(h) = -h. Calculate the remainder when 8 is divided by g(-2).
0
Let j = -8 - -10. Let m(k) = -13*k. Let v be m(-5). Suppose j*p + v = 7*p. Calculate the remainder when 24 is divided by p.
11
Let d(s) = -s - 4. Let j be (-2)/5 - 54/15. Let p be d(j). Let c(w) = w + 7. What is the remainder when 13 is divided by c(p)?
6
Calculate the remainder when 37 is divided by (-92)/(-4) + (-1 - 3).
18
Let r be 4/14*-1*-7. Let j = r - -1. Suppose -4*d + 3*d = 3*b - 34, j*d - 4*b = 63. What is the remainder when d is divided by 9?
7
Let y(j) = -j + 4. What is the remainder when y(-9) is divided by 4?
1
Let i(c) = -c - 2. What is the remainder when 30 is divided by i(-13)?
8
Let r = -2 + 2. Let u be 1 + 37 + r/1. Suppose o + 6 = u. What is the remainder when o is divided by 11?
10
Let r be (2 + -1)*(32 + 0). Suppose 2*o - 4*o + r = 0. Suppose 100 + 38 = 3*z. Calculate the remainder when z is divided by o.
14
Let i = 2 - -4. Let j be (-2)/(-6) - 1/3. Suppose -2*t = r + r - 38, r + 3*t - 23 = j. What is the remainder when r is divided by i?
5
Let j(p) = 2*p**2 + 5*p + 1. Calculate the remainder when j(-6) is divided by 15.
13
Suppose 3*m + 2*m = 0. Suppose 2*g = 7*g - 3*y + 87, -2*g - 5*y - 10 = m. Let s = 26 + g. What is the remainder when s is divided by 3?
2
Let g = 42 - 24. Calculate the remainder when 35 is divided by g.
17
Let h = 19 - 12. Calculate the remainder when h is divided by 4.
3
Suppose 0 = -5*z + 45 + 30. Calculate the remainder when 24 is divided by z.
9
Let n(b) be the first derivative of -2*b**4 - 2*b**3/3 + 2*b - 2. Calculate the remainder when n(-2) is divided by 15.
13
Let o = 46 - 28. Calculate the remainder when 87 is divided by o.
15
Let m = 15 + -13. Suppose -4*j - 10 = q - 56, -m*q + j = -110. Calculate the remainder when q is divided by 19.
16
Let l(r) be the third derivative of -1/60*r**5 + 1/6*r**3 - 7/24*r**4 + 0 + 2*r**2 + 0*r. What is the remainder when 25 is divided by l(-3)?
12
Suppose -5*u + 2*m = -13, -3*m = -u + m + 17. Let y(j) = -j**2 - 4*j - 3. What is the remainder when u is divided by y(-2)?
0
Suppose l + 3*x = 5*l + 12, -4*x + 16 = 4*l. Suppose 2*f - 7*f + 25 = l. Suppose 5*n - f - 5 = 0. What is the remainder when 2 is divided by n?
0
Suppose -v = -2*a + 91, 0 = -4*a - 2*v + 6*v + 188. Calculate the remainder when a is divided by 15.
14
Suppose 34 = -a + 2. Let n be a/(-18) + (-10)/(-45). Suppose 0 = n*f - 12 - 4. What is the remainder when f is divided by 5?
3
Suppose -33*o - 300 = -37*o. Calculate the remainder when o is divided by 27.
21
Let t(r) = -35*r + 1. Let b be t(-2). Suppose 2*q - 32 = -3*u, -u - b - 43 = -5*q. Calculate the remainder when q is divided by 12.
10
Suppose -93 = 6*b - 447. What is the remainder when b is divided by 22?
15
Suppose 19 = -11*j + 316. Let n = -16 - -45. Suppose 0 = f - 0*o + 3*o - n, 3*f + o - 47 = 0. What is the remainder when j is divided by f?
13
Let l = -28 - -64. Suppose -5*w + 4 = 4*d, 5*d - 4*w + 0*w = -l. What is the remainder when 20 is divided by (0 - 14)*2/d?
6
Let f(b) = b**3 - 2*b**2 + 2*b + 2. Let d(z) = 2*z**3 + z**2 - z + 1. Let k be d(1). Suppose -54 = -k*s + 42. Calculate the remainder when s is divided by f(3).
15
Let l = 49 + -34. Let g = -4 - -4. What is the remainder when 46 - (1 + 1 + g) is divided by l?
14
Suppose -3*v = -8*v + 10. Suppose -v*w = -u + 17, 3*u = 4*w + 86 - 33. Let p(t) = t + 2. Calculate the remainder when u is divided by p(5).
5
Suppose 13 = -y + 1. What is the remainder when (18/y)/((-3)/40) is divided by 7?
6
Suppose -3*x - 4*j = -35, 0 = -x - 0*x - 2*j + 15. Let r = x + -2. Suppose 3*t = -4*o + 53, 4*t + 8 = o + r*t. Calculate the remainder when 32 is divided by o.
10
Let b = -27 + 41. Suppose -120 + 45 = -3*w. Calculate the remainder when w is divided by b.
11
Suppose -3*y + 4*g - 5 + 34 = 0, 23 = y + 2*g. What is the remainder when 55 is divided by y?
10
Suppose -18 = -4*h + 30. Let o(v) = 2*v - 17. Let i be o(7). What is the remainder when (3 - -101)/4 + i is divided by h?
11
Let x(s) be the first derivative of -5*s**2/2 + 7*s + 5. Let i(o) = o**2 + o + 3. What is the remainder when x(-12) is divided by i(4)?
21
Suppose n = 4*n + 5*o, n - 5*o = 0. Let g = n + 5. Calculate the remainder when 14 is divided by g.
4
Let r(t) = -t**2 + 8*t. Let q be r(8). Suppose -99 = -4*z - 5*u, q*z + 4*z - 69 = 5*u. What is the remainder when z is divided by 6?
3
Suppose k + 13 = 2*k. Let o(p) = 4*p + 8*p**2 - 4*p**3 + 0*p + 5*p**3 - 5. Calculate the remainder when o(-5) is divided by k.
11
Suppose -2*n + 110 = -4*n. Suppose z = 2*f - 4, -2*f = -3*f + 3. What is the remainder when z/(-2)*(n + 0) is divided by 19?
17
Suppose 2*h + 5*z - 76 = 0, 2*h = -z + 99 - 39. What is the remainder when h is divided by 15?
13
Let n(s) = 6*s + 7*s - 21*s + 12 + 15*s. Calculate the remainder when n(10) is divided by 21.
19
Calculate the remainder when 18 is divided by (1 + 0)*(16 + -11).
3
Let w be -37 + 6/2 - 3. Let x = -6 - w. Let d = 